+ (315*7)/v a composite number?
True
Suppose -19*u + 168190 = -116107. Suppose 15*s = 262748 - u. Is s a prime number?
True
Suppose 22 + 29 = b. Let n(a) = -a**2 + 4*a - 14. Let u be n(0). Let v = u + b. Is v a composite number?
False
Let a(n) = -52726*n + 12683. Is a(-8) composite?
True
Suppose -2*o = -0*o - 4, -10 = -3*h - 2*o. Is 2395545/957 + h/(-11) prime?
True
Let t(p) = 2*p**2 - 13*p + 5. Let w be t(5). Is -2*w/4 + 992 composite?
False
Suppose -2*a = 3*r - 22589, -5*r = 3*a - 2*r - 33882. Is a composite?
True
Is (11269/(-295))/((-1)/865) a prime number?
False
Let b = -83 - -85. Is b/(-4) + (-6902280)/(-112) prime?
True
Suppose 0 = -713*q + 718*q + 25. Let l(x) = -2*x**3 + 2*x**2 + 4*x + 13. Is l(q) prime?
True
Let s be 3/12 + (-3)/((-72)/66). Is -29*371/(-4 - s) prime?
False
Let j(v) = -5*v**3 - 3*v**2 + 4*v + 3. Let h(w) = -w**2 - 4*w - 4. Let o be h(-4). Let g be j(o). Let d = g - -699. Is d a prime number?
False
Let k(v) = -2*v**3 + 4*v**2 - v - 3. Let c be k(4). Suppose a + 164 = 2*n, 0 = -3*a + a - 3*n - 300. Let f = c - a. Is f a composite number?
True
Let d = 29416 - 6983. Is d a composite number?
False
Suppose -14*n + 323 = 3*n. Let r(f) = 153*f + 46. Is r(n) a prime number?
True
Suppose 0 = -5*j - 2*r - 25 - 4, 4*j + 3*r = -19. Let t(w) = -91*w**2 - 8*w - 4. Let q be t(j). Let u = q + 6862. Is u a composite number?
True
Is 12/22 + 315369792/1793 - -3 prime?
False
Suppose 4*f = 24 - 12, -f = -4*c + 348089. Is c a prime number?
False
Let c(v) = -10*v - 76. Let i be c(-8). Suppose 5*h = 5*d - 11070, -4*d + i*h + 4420 = -2*d. Is d a prime number?
False
Let f(q) = q**3 - q - 1. Let g(k) = 9*k**3 + 2*k**2 - 3*k - 13. Let z(m) = 4*f(m) - g(m). Let a(c) = -c + 1. Let i be a(5). Is z(i) a prime number?
False
Suppose 10812433 + 4604537 = 30*v. Is v a prime number?
True
Suppose k + 2*t = -57241 + 201862, -3*t = 5*k - 723091. Is k composite?
True
Is 1*561489*(-10)/18*(-6)/10 composite?
False
Suppose 3*i = -a + 62769 + 55773, -4*a - 12 = 0. Suppose 135135 = 28*w + i. Is w a prime number?
False
Let k be (-100)/175 - 64/(-14). Suppose -k*u = -4*p + 8, 3*p - 10*u - 6 = -5*u. Suppose 6212 = p*a - 10130. Is a prime?
True
Let x(k) be the third derivative of -k**6/5 + k**5/5 - k**4/24 - 2*k**3 + 106*k**2 + 2. Is x(-5) a composite number?
True
Let r(f) = 523*f + 344. Is r(9) a prime number?
True
Suppose -43598 = -2*g + 11842. Suppose -45*b + g = -71415. Is b composite?
False
Let n be -2 - (1 + 0)/(18/(-36)). Suppose 5*y - 10740 = -i - n*i, -4*i - 8568 = -4*y. Is y a prime number?
False
Suppose p + 2*q = 31, q + 215 = 5*p + 27. Let k = 40 - p. Suppose -k*g = -2*g - 583. Is g a prime number?
False
Let d be (7 - 348/(-9)) + (-2)/(-6). Suppose d*s - s = 272115. Is s composite?
False
Let o(q) be the first derivative of q**3/3 + 3*q**2/2 - 21*q + 18. Let n be o(-6). Is (-7 - -4)*-1*(-907)/n prime?
True
Let z = -68 - -71. Suppose -5748 + 489 = -z*y. Let j = 2835 - y. Is j prime?
False
Suppose -36652 = 16*v - 93*v. Let o be ((-74)/(-4))/((-1)/(-86)). Suppose y = o - v. Is y composite?
True
Is 6 + 26132000/45 - (-1)/(-9) a composite number?
False
Suppose -5*g + 4*b + 11971 = 3*b, 5*g = 5*b + 11955. Suppose 10716 = 4*i + 2*l, -3*l - 5660 = -3*i + g. Is i a composite number?
True
Is 52192464/(-1876)*(-5)/(5/14) - -1 prime?
False
Suppose 3*g - 7489799 = 2*f, -4776*g - 9986396 = -4780*g + 3*f. Is g a prime number?
False
Let j be (3 + -2 - 3)/((-22)/(-6787)). Let h = j - -944. Is h a prime number?
False
Let b = -227 + 230. Suppose c - 15416 = -5*o, 0 = -b*c + 2*c + 5*o + 15426. Is c a composite number?
True
Let j(k) = 18*k**3 - 4*k**2 - 8*k + 7. Let a(n) = n**2 - n**3 - 92*n + n**2 - 3*n**3 + 93*n. Let m be a(-1). Is j(m) a prime number?
False
Let z = -9654 - -77817. Is z composite?
True
Is 209280/4 + 13 + 6 a composite number?
True
Suppose 3*o - 7 = 8. Suppose m - 22 = -o*b + 8, -b + 5 = 0. Suppose m*v - 5*y = 8165, v = 3*v + 4*y - 3290. Is v a composite number?
False
Let s(x) = 420*x**2 + 10*x + 43. Is s(-3) a composite number?
False
Is -30133*2/10*(-170 - -165) a prime number?
True
Let p = -1111985 - -1573884. Is p composite?
True
Suppose p = -5*c + 761, -20*p + 25*p + 2*c = 3897. Suppose -u - 2*q - 448 = -0*u, -2*u - 893 = 5*q. Let d = u + p. Is d a prime number?
False
Suppose 0 = 6*b + 566 - 2132. Suppose -2*m + 4*h = -764, 0*m - 768 = -2*m + 2*h. Let t = b + m. Is t composite?
False
Suppose 0 = -41*y + 38*y + 4*p + 32004, 2*p + 53340 = 5*y. Let m = 18587 - y. Is m a prime number?
True
Let k be (-39)/130 - 9753/(-10). Let b = -5 + 8. Suppose -b*q + k = -0*q + 3*a, -a + 646 = 2*q. Is q a composite number?
True
Let c(d) = -4*d - 2 + 5 + 11. Let h be c(4). Is ((-1)/h - (2 - 1))*-674 prime?
True
Suppose 3*b - 2*o = -280, 0 = -4*b - o - 2*o - 396. Let x be b/(-18)*1125/6. Suppose -i + 5*g = -0*i - 274, 4*g = -4*i + x. Is i a composite number?
True
Let z(p) = -9 + 0 + 5 - 3*p**2 - 5*p. Let k be z(5). Is (1 - 5) + (6 - k) prime?
False
Let j(b) = 16*b**2 + 10*b - 1. Let z be j(-17). Suppose 6*o - 1061 = z. Is o a composite number?
False
Suppose c + 1 = z, 17 = 7*z - 2*z - 2*c. Suppose -18*f + 4328 = -13*f - 3*r, 5*f + z*r = 4320. Is f composite?
True
Is 9/(-4) - (-89178991)/748 composite?
True
Suppose 4*k = 10*k - 846. Suppose -380 = -5*n + 4*o, 4*n - 141 - 163 = 2*o. Let j = k - n. Is j composite?
True
Suppose 2*d - 15 = -3. Suppose d*o + 2909 = 12731. Suppose x + 4*p - o = -0*x, 4956 = 3*x + 3*p. Is x a prime number?
True
Suppose 10*q - 9207 + 3117 = 0. Suppose -4*f + 95 = p, q - 203 = 5*p - 3*f. Is p composite?
False
Suppose 2*t + 20 = 2*q, -5*q = -2*t - 42 + 7. Suppose q*p + 3*l - 52939 = 0, 5*p + 3*l - 5*l - 52949 = 0. Is p composite?
False
Let y(x) = -7*x**2 - 79*x - 20. Let k be y(-11). Suppose 12659 = t + k*j, -39*t - 63295 = -44*t + 4*j. Is t a composite number?
False
Let w(f) = -17926*f + 527. Is w(-6) a composite number?
True
Let h = 69 - 64. Suppose -3*f + 1 = l - 8, 0 = -l - h*f + 15. Suppose 0 = -l*g + 3*g - 2031. Is g a prime number?
True
Let u be (4 + -3 - 1) + 2. Let n be (4 - 5) + u + -4. Is 2 + n + 0 + 78 a composite number?
True
Let b(c) = -298*c + 912. Let t be b(5). Let i = -785 + 388. Let h = i - t. Is h a composite number?
False
Let f be (88/(-2))/((-2)/61). Let t be 841 - (4 + 0 - 3). Let q = f - t. Is q a composite number?
True
Let x be (236 - (2 - 3))/((-45)/(-1680)). Suppose -8*l = 1256 - x. Is l a composite number?
True
Is (21 + -121)/10 - -433661 a composite number?
False
Let i = 1554 - -1727. Let f = 5562 - i. Is f a prime number?
True
Let h = 1470 + 7193. Is h a composite number?
False
Let o be ((-45)/30)/(1/(-2)). Suppose -o*s + 2 = -2*s. Is ((-12)/(-9) - s)/((-2)/237) a prime number?
True
Let b be (252/(-24))/((-6)/8). Let a(l) = 31*l**2 + 62*l + 9. Is a(b) a composite number?
True
Let a(l) be the first derivative of 77*l**2 - 20*l - 13. Let b be a(14). Suppose 0 = -5*p - b + 7151. Is p a prime number?
False
Let g = 68 + -65. Suppose r - 2 = 2*r, -3*r + 921 = -g*y. Is 0 - y - (0 - -2) a composite number?
False
Suppose 167*w - 176*w = -1419489. Is w composite?
False
Let y be ((-8)/(-10))/(18/(-225)). Let k be ((-4)/y)/((-546)/(-90) + -6). Is 2 - (k - (-4)/(-2)) - -397 composite?
True
Let f(r) = -46*r. Let y(n) = n - 1. Let t(h) = -f(h) - 3*y(h). Let u be 2*-1 - -4 - 0. Is t(u) composite?
False
Let n be (-21)/15 + 1116/15. Suppose -78*x + n*x + 50075 = 0. Is x prime?
False
Let a(r) = 39*r + 4. Let c(y) = -39*y - 4. Let i(l) = 5*a(l) + 6*c(l). Suppose 4*v + 95 = 59. Is i(v) prime?
True
Let p(d) = -4627*d + 73. Let x(y) = y**2 - 16*y - 38. Let i be x(-2). Is p(i) a prime number?
False
Let w(o) = -10*o - 13. Let u(a) = 7*a + 9. Let h(l) = 7*u(l) + 5*w(l). Let p be h(-10). Let b(c) = -c**3 + 11*c**2 - c - 27. Is b(p) prime?
True
Let z = 927075 - 199534. Is z composite?
False
Suppose 4*l = 0, p - 2*p - 3*l + 9692 = 0. Suppose -3*k + 17 = h, 9*k + 40 = 14*k + 4*h. Suppose k*t - 2304 = p. Is t composite?
False
Let j = 188 + -194. Is (-5 - 22)*-19 - j a composite number?
True
Suppose 4*q - 893405 = -3*q + 2*q. Is q a prime number?
True
Let k(u) = 136*u**2 + 10. Let n be k(5). Suppose 8 = -2*m, -2*m = 2*a - n + 180. Is a prime?
True
Suppose -5*u + 2120 = -4*f, -4*f = 5*u - 2*f - 2090. Suppose -3*k + x = 3*x - 13, -x = 5*k - 17. Suppose 0